t of s?
7
Let o(b) = 2*b**2 + 2*b - 39. Let n be o(4). What is the hundreds digit of (n - 0)*-597*14/(-21)?
3
Suppose -g = -3*f + 3*g + 14, 5*g = 2*f - 14. Suppose 5*o - 5427 = 2*z, 5*z + 3*o + f*o + 13515 = 0. What is the tens digit of (z/(-18))/(-11)*3/(-1)?
4
Let q be 2 - 844/(-12)*-15. Let f = q + 1541. Let g = -310 + f. What is the hundreds digit of g?
1
Let h be 1*44/12*(3 + 0). Suppose 5*p - 18 = -3*r, r + h = -p + 5*p. Suppose p = 15*y - 14*y. What is the units digit of y?
3
Suppose 0 = 5*l + 5, 3*r - 7 = 2*l - 4*l. Let f be (-30)/25*(r + -8). Suppose 4*d = 382 + f. What is the units digit of d?
7
Let v = 17764 - 8626. What is the thousands digit of v?
9
Let l(p) = 3*p - 63. Let m be l(22). Suppose 2*g - m*g = -2*y - 159, g + 3*y = 174. What is the hundreds digit of g?
1
Let n = -508 - -512. Suppose -a = -5 + 3. Suppose 4*p - a*c - 132 = -3*c, n*p = -4*c + 120. What is the tens digit of p?
3
Suppose 43*b - 34*b = 810. Suppose 0 = -4*t - 5*t + b. What is the units digit of t?
0
Suppose 0 = c - 3*t - 30997, 53644 = 2*c - 4*t - 8344. What is the hundreds digit of c?
9
Suppose 3*h - 4*f = 47, 4*f - f = 12. Let b be (-2)/(-4)*(-1 - 1). What is the units digit of (5 - b)*175/h?
0
Let r(u) = 48*u - 6 - 25*u - 22*u. Let f be r(6). Suppose c - 16 - 49 = f. What is the units digit of c?
5
Suppose -39*b = -40*b + 3*h + 2879, 3*h + 5770 = 2*b. What is the hundreds digit of b?
8
Let j(u) = -8*u**2 + 14*u - 2. Let m be j(3). Let v be 12/16 - 29704/m. Suppose 2*k + 2*x = -3*k + v, 2*k - 359 = -5*x. What is the tens digit of k?
8
Let a(g) = 5840*g - 8111. What is the tens digit of a(7)?
6
Let l be (-5)/2*1198/(-5). Let p = -187 + l. What is the hundreds digit of p?
4
Suppose 0 = -2*u + 3*z + 49, 17*u - 12*u - 130 = 5*z. Suppose -44*h + u*h = -12900. What is the tens digit of h?
6
Let l(x) = -3*x**2 - 8*x - 8. Let t be l(-7). Let p be (-3 + -2)/(65/(-156)). What is the units digit of 0 - t/(p/4)?
3
Let s(j) = -j**2 + j + 1. Let m be s(-3). Let w(z) = -z**3 - 5*z**2 - 2*z - 57. What is the hundreds digit of w(m)?
6
Let j(y) = -y**3 + 7*y**2 - 7*y - 8. Let w(k) = -2*k**3 + 8*k**2 - 7*k - 7. Let p(q) = 5*j(q) - 6*w(q). What is the tens digit of p(5)?
8
Suppose 3*k + 4*c - 2 = 0, 2*c + 3*c + 7 = k. Suppose 4*q = k*h + 1354, -3*q + 5*h = -q - 689. What is the tens digit of q?
3
Let g = -4 + 6. Let m = -1225 - -1337. Suppose -t = 4*l - m, g*l = -3*t + l + 281. What is the tens digit of t?
9
Let i(a) = -a**3 - 8*a**2 - a - 5. Let x be i(-8). Suppose 0*v - 6 = -x*v, -5*w + 2*v - 4 = 0. Suppose w = 70*k - 73*k + 84. What is the units digit of k?
8
Let w = -36403 + 66174. What is the units digit of w?
1
Let h(c) = c**3 - 13*c**2 + 3*c - 27. Let o be h(13). Suppose 3*k + o = -3*n, -4 - 5 = 2*n + k. Let f(t) = 4*t**2 + 2*t - 12. What is the tens digit of f(n)?
7
Let r(m) = -m**3 + 72*m**2 + 191*m + 538. What is the units digit of r(67)?
0
Let i(x) = -12*x**2 - 8*x + 61. Let r(g) = g**2 - g - 2. Let l(j) = -i(j) - 6*r(j). What is the thousands digit of l(-15)?
1
Suppose -215 = -3*p - 152. What is the hundreds digit of 103456/112 - ((-6)/p - 0)?
9
Suppose 194428 + 2784923 = 76*x + 117647. What is the units digit of x?
4
Let a = -170 - -194. What is the units digit of (-4854)/(-24) + (-6)/a?
2
Suppose -3*d + 2*s + 8852 = 0, 0 = 4*d - 4*s - 7451 - 4353. What is the tens digit of d?
5
Suppose 121*a - 110*a - 77 = 0. Let c(s) = 20*s - 55. What is the units digit of c(a)?
5
Let c be (-233)/5 - 10/25. Let j(k) = 2*k**2 + 105*k + 112. Let m be j(-52). Let q = c + m. What is the units digit of q?
3
Let l(o) = -14*o**3 - 8*o**2 - 51*o - 75. What is the units digit of l(-7)?
2
Let b(h) = 4*h**2 + 4*h - 15. Let f be b(6). Suppose -r + f = -2*n - 164, 2*n + 931 = 3*r. What is the units digit of r?
7
Suppose -5*i = -4*w - 0*w + 28, 4*w + 4 = -3*i. Suppose w*u + 8 = 4*u. What is the units digit of 1 - -7*(-2 + u)?
5
Let s be (15/(-6))/(((-14)/(-4))/(-7)). Let g(u) = 2*u**2 - 2*u + 1. Let i be g(-4). Suppose 2*y - i = -s. What is the tens digit of y?
1
What is the tens digit of 192/(-416) + 991508/52?
6
Let s be 0 - 248/(-3 + 1). Suppose -24*g + 1066 = -49*g - 1684. Let q = g + s. What is the units digit of q?
4
Let b = -12572 + 45938. What is the thousands digit of b?
3
Let s(m) = -2*m**3 + 10*m**2 + 100*m + 2758. What is the hundreds digit of s(-25)?
7
Let o(b) = 20*b - 34. Let t(h) = 3*h**2 - 12*h**2 - h**3 + 2 + h - 2*h + 2*h**2. Let a be t(-7). What is the units digit of o(a)?
6
Suppose 5*q + 10*g = 7*g + 20, 2*q + 5*g = 8. Suppose -l = q, -5*l + 952 = -0*j + 2*j. What is the tens digit of j?
8
What is the tens digit of (-15*(-4)/90)/((-2)/92331*-3)?
5
Suppose -5*u = 5*d - 630, 5*u - 20 - 486 = -4*d. Suppose -d - 111 = -5*k. Let n = -33 + k. What is the tens digit of n?
1
Let h = 84716 - 51037. What is the tens digit of h?
7
Suppose 12*m + 148 = 412. Let r(q) = 4*q**2 - 54*q + 80. What is the hundreds digit of r(m)?
8
Let q(r) = r**3 - r**2 + 8*r - 79. Let x be q(7). Let i be ((-18)/15)/((-1)/5). Suppose -i*m = x - 667. What is the units digit of m?
6
Suppose -97*n + 138008 = -93*n. What is the ten thousands digit of n?
3
Let p = 22680 - 14645. What is the units digit of p?
5
Suppose -215847 = 311*c - 340*c. What is the thousands digit of c?
7
Let m be (-8)/(-108) + (-704)/27. Let l(t) = -2*t**2 - 62*t + 77. What is the hundreds digit of l(m)?
3
Let n(l) = -14443*l - 165. Let h be n(-15). What is the tens digit of h/198 + (-2)/(-3)?
9
Let t(l) = -l**2 + 5*l + 41. Let a be t(9). Let q(g) = 101*g - 40. What is the hundreds digit of q(a)?
4
Let w(q) = q**3 - 3*q**2 - 2*q + 4. Let p be w(3). Suppose 6 = z + 7. What is the units digit of p/1 + (-123 + 1)/z?
0
Let x(h) = -h**3 + 4*h**2 + 6*h - 7. Let n be x(5). Let p be (((-16)/(-10))/(-4))/(n/10). Suppose 249 = -p*v + 5*v. What is the tens digit of v?
8
Let u be (-7)/((-63)/(-2)) + 11/9. Let d(v) = 1 + 1 + 90*v**2 - 16*v + 14*v. What is the units digit of d(u)?
0
Suppose 0 = 4*p - 83 + 71. Suppose -2409 = -p*h + h - 5*a, -4807 = -4*h + a. What is the thousands digit of h?
1
Suppose -i - 88 = i. Let m = i + 47. Suppose -m*o + 51 = -2*o. What is the units digit of o?
1
Suppose -5*x + 3*x + 136 = 2*l, -l - 358 = -5*x. Suppose 2*p = -x + 553. What is the hundreds digit of p?
2
Let n = 100 + -96. Let y(a) = 1 + 2 - 5 - 18*a + n. What is the units digit of y(-1)?
0
Let h(g) = -g**3 + 2*g**2 + 3*g - 2. Let n be h(2). Suppose -n*y + 432 = 220. What is the tens digit of y?
5
Let k = -3790 + 2631. Let y = k - -2860. What is the hundreds digit of y?
7
Let x = 3098 - 9898. What is the units digit of (16/(-10))/(34/x)?
0
Suppose 2*u = -0*u + 440. Let b(h) = -152*h + 3. Let i be b(1). Let z = u + i. What is the units digit of z?
1
Let y be (52/(-16))/(1/(-4)). Suppose y*s + 203 = 1035. Suppose -661 - s = -5*i. What is the units digit of i?
5
Let o(f) = 153*f**2 - 388*f + 1. What is the thousands digit of o(8)?
6
Let v = 21923 + -7661. What is the tens digit of (-477)/(-72) + -7 + v/16?
9
Let s(r) be the second derivative of 0*r**2 + 87/20*r**5 + 0*r**3 + 1/12*r**4 - 13*r + 0. What is the units digit of s(1)?
8
Suppose -s - 3*b = 0, -5*s + 5*b = b. Suppose 9*v + 49 - 3514 = s. What is the hundreds digit of v?
3
Suppose -3*i = 4*r - 3, -3*i - r = -4 + 1. Let m be i*-262*1/(-2). Suppose -12*b = -49 - m. What is the tens digit of b?
1
Let a be (5 - 7 - 4)/((-2)/(-3)). Let d be 2/a + 58/18. Suppose -3*c + 0*c + 105 = s, -12 = -d*c. What is the units digit of s?
3
Suppose 4*w + 3*v - 645 = -2413, -5*w + 5*v = 2175. Let i = -16 - w. What is the tens digit of i?
2
Let t be (-198)/(-27) - (-1)/(-3). What is the units digit of (-5 - 49/t)*(-100)/3?
0
Let u(o) = -2*o**3 + 11*o**2 + 10*o - 35. Let k(a) = -a**3 + a + 1. Let w(g) = k(g) - u(g). Let v be w(12). Let n = 106 - v. What is the units digit of n?
4
Suppose -3*i = -4*a + 16, -3*a + 12 = -3*i - 0. Suppose -310 - 348 = -k + a*p, 0 = -4*p - 16. Suppose 0 = -2*c + 8*c - k. What is the units digit of c?
7
Let a = 32387 + -20109. What is the units digit of a?
8
Suppose 96*r - 32085 = 81*r. What is the units digit of r?
9
Let t(d) = 63*d - 105. Suppose 4*u = -z - 13 + 3, 5*u + 2 = -3*z. What is the tens digit of t(z)?
7
Suppose -70 + 850 = 5*t + 3*v, t - 148 = v. What is the tens digit of (-1)/((-4 - 